n p is divided by 16.
14
Suppose -4*s - r + 118 = 0, 2*r + 82 = 3*s + 6*r. Calculate the remainder when s is divided by 11.
8
Let j = -7 + 11. Calculate the remainder when 7 is divided by j.
3
Let z = 26 - 53. Let r = z + 101. What is the remainder when r is divided by 25?
24
Suppose -2 = 2*x + 3*t, 3*x = -0*x - t + 4. Suppose -4 = -0*g - x*g. Let z(r) = r**2 - 7*r + 2. Calculate the remainder when g is divided by z(7).
0
Let b = 22 + -9. Let f be 3/(-1 + 0) + 189. Suppose -3*h + 108 = -3*i, -4*i + 2*i - f = -5*h. Calculate the remainder when h is divided by b.
12
Suppose 0 = 2*t + 2*a - 26, t + 2*a = -0*t + 15. What is the remainder when 43 is divided by t?
10
Let l(b) = -b + 3. What is the remainder when 13 is divided by l(1)?
1
Let l = 14 - 7. What is the remainder when -3 + (1 - -27) + (-1 - -2) is divided by l?
5
Let c(s) = -17*s + 6. Let p(x) = 17*x - 5. Let b(j) = -6*c(j) - 7*p(j). Calculate the remainder when 31 is divided by b(-1).
15
Let d(g) = -11*g - 31. Calculate the remainder when 227 is divided by d(-7).
43
Suppose 2*u - 5*u + 303 = 0. Calculate the remainder when u is divided by 17.
16
Let g(s) = s**2 + 0*s**2 - 1 + 0 + 7*s**2. Calculate the remainder when g(1) is divided by 3.
1
Let i = 67 + -8. Calculate the remainder when i is divided by 15.
14
Let w = 22 - 6. Suppose -m - 2*x - w = 4*m, 0 = x + 3. What is the remainder when 10 is divided by 4/(-2*1/m)?
2
Suppose -2*x + 13 = -5*l - 14, 2*l = 3*x - 46. Calculate the remainder when 30 is divided by x.
14
Suppose 4*o - 2*h = 5 + 49, 2*o = 2*h + 22. Let n = -104 + 150. What is the remainder when n is divided by o?
14
Let u be (-10)/4*8/(-5). Suppose -u*l = -2*y + l + 104, -4*l - 260 = -5*y. Let b(n) = 18*n**2 - n - 1. Calculate the remainder when y is divided by b(-1).
16
Let f(i) = -i**2 + i + 2. Let u be f(2). Suppose u = 4*p + 4*v, -p - 3 = -0*p + 4*v. What is the remainder when 2 is divided by p?
0
Suppose 4*g - 2*u = 120, u + u = -3*g + 83. Let o(j) = -12*j**2 + 0*j**3 - 14 - 2*j + 6*j**3 - 7*j**3. Calculate the remainder when g is divided by o(-12).
9
Let i(u) = 9*u - 1. Suppose 3*k = 6*k - 3. Calculate the remainder when 29 is divided by i(k).
5
Let o be 86/(-7) - 6/(-21). Let r be (2/(-4))/(3/o). Suppose r*x = 4*x - 26. What is the remainder when x is divided by 5?
3
Suppose p = -0*p - 4. What is the remainder when (1/2)/(p/(-120)) is divided by 9?
6
Let u(s) = -s**3 + s**2 + 4*s + 1. Let q be u(-3). Suppose -5*a + 4*h = 53, 3*a = -h - 0*h - q. Calculate the remainder when (-2)/a - (-104)/18 is divided by 4.
2
Let u(m) = m**2 + 23*m + 52. Calculate the remainder when 36 is divided by u(-21).
6
Let l = 3 + 13. What is the remainder when 3 - (-42 + (3 + -2 - 2)) is divided by l?
14
Calculate the remainder when 30 is divided by (-34)/(-4)*6/3.
13
Let v be 5/10*(2 - 2). Let f(p) = 17 + 7 + p**3 - p**2 + v - 5. What is the remainder when f(0) is divided by 7?
5
Suppose 6 = -8*v + 11*v. What is the remainder when v is divided by ((-2)/(-2))/(1 + 0)?
0
Suppose 176 = 5*u - a, 3*a + 86 = 3*u - 22. Suppose 0 = x + 2. Let v = 14 + x. What is the remainder when u is divided by v?
11
Suppose f - 3 = 2*b + 2, 0 = -3*f + b + 40. What is the remainder when f is divided by 8?
7
What is the remainder when 0 + (-16)/(-5)*(-90)/(-12) is divided by 9?
6
Suppose -342 = -4*s - 5*s. What is the remainder when s is divided by 8?
6
Let m(d) = d**2 - d - 2. Let a be m(4). Let u = a - -1. Suppose 0 = -h + 3*h - 8. Calculate the remainder when u is divided by h.
3
Suppose 0 = -6*t + t + 40. Suppose -3*u - u + 3*s = 19, 3*u - s = -t. What is the remainder when 19 is divided by 5 - (4 - 2)*u?
5
Let u(g) = -g**2 - 13*g - 6. What is the remainder when 7 is divided by u(-12)?
1
Calculate the remainder when (-5988)/(-84) + ((-2)/7 - 0) is divided by 19.
14
Let c(g) = 9*g**3 - 2*g**2 + 2*g - 3. Suppose -2 = 3*q - 8. What is the remainder when c(q) is divided by 34?
31
Let q(k) be the first derivative of k**4/4 - 4*k**3/3 + 3*k**2/2 + k + 4. Let f = 1 - -2. What is the remainder when 2 is divided by q(f)?
0
Let y be 30*(-7)/(70/(-32)). Suppose 4*i = -k - k + y, i + 45 = k. Let r = -8 + 24. What is the remainder when k is divided by r?
14
Let g(j) = 0 - 3*j**2 - 5*j + 5 + 4*j**2. Let c be g(5). Suppose c*d = 21 + 4. What is the remainder when 8 is divided by d?
3
Suppose 2*x = 35 + 1. What is the remainder when 34 is divided by x?
16
Let z(l) = -3*l**3 - 18*l**2 - l + 6. Calculate the remainder when z(-6) is divided by 8.
4
Calculate the remainder when 22 is divided by 39/(6*2/4).
9
Suppose -3*x = -6*x. Let w be (1 - x)*(0 + 1). Let f(u) = 19*u**2 - 2*u + 1. What is the remainder when 34 is divided by f(w)?
16
Let g = -56 + 95. What is the remainder when g is divided by 13?
0
Let i(x) = 57*x - 1. Let s be i(1). Suppose -5*n = -n - s. Suppose 9*o + 459 = 26*o. What is the remainder when o is divided by n?
13
Let x be (7 - 9)/(2/(-181)). Suppose -5*b - w = -x, -2*w - w = 2*b - 62. Suppose 2*c = -6 + 44. Calculate the remainder when b is divided by c.
18
Suppose 4*o - f = 11, 0 = -5*o - f + 5*f + 22. Let b(c) = c**2 - 17*c + 20. Calculate the remainder when b(16) is divided by (1 - (-2 + 2))*o.
0
Let w(f) = -10*f - 4. Let b be w(-5). Let d = b - 28. Calculate the remainder when 69 is divided by d.
15
Let c(v) = 8*v**2 + 3. What is the remainder when c(-2) is divided by 18?
17
Let l = -2 + 4. Suppose -z = -5*c + 5, -l*c + z = -6*c + 13. Calculate the remainder when (-6)/c - (-15 + -4) is divided by 6.
4
Suppose 3*d = 4 + 8. Let k(r) = r**2 - 4*r. Let c be k(d). Suppose c = -3*z + 16 + 47. Calculate the remainder when z is divided by 11.
10
Let h(m) = 3*m + 1 + 3 + 0*m**3 - m**3 - 1. What is the remainder when 12 is divided by h(-2)?
2
Suppose 2*l = 5*l + 15, 5 = d + 3*l. Suppose 5*z - 50 = -5*r + d, 5*r + z = 82. Calculate the remainder when 49 is divided by r.
15
Let x(g) = -7*g - 2. Let s be 2*(2 - (-14)/(-4)). Let p be x(s). Suppose 2*h - a + 11 = 3*h, 0 = -h - 3*a + p. What is the remainder when 20 is divided by h?
6
Suppose 0 = -3*q, -3*u + 8*u - 3*q = 0. Suppose -k - 8 + 10 = u. What is the remainder when 2 is divided by k?
0
Let n(t) = -t**3 + 4*t**2 + t. Let z = -4 + 8. Calculate the remainder when 10 is divided by n(z).
2
Calculate the remainder when 9 is divided by 18/4 - 9/18.
1
Let z = -66 + 95. Let k = z - 9. Calculate the remainder when k is divided by 7.
6
Suppose 16 = 2*r + g, 0 = -r + 4*g + 2 - 3. Calculate the remainder when 10 is divided by r.
3
Suppose -2*g = 5*s - 35, 2*s = 3*g - 6 + 1. Suppose -3*k - 395 - 22 = -s*x, 336 = 4*x - 3*k. Calculate the remainder when x is divided by 28.
25
Let d(l) be the first derivative of 2*l**3/3 + l**2/2 + l + 1. Suppose 2*h + 4*t + 1 = -t, 3*h - 4 = -2*t. What is the remainder when 31 is divided by d(h)?
9
Suppose 40 = 4*n + 2*v, -3*n + 20 = -n - 2*v. Let g = 21 + -3. Calculate the remainder when g is divided by n.
8
Suppose 0*k - 138 = -k. What is the remainder when 47 is divided by k/9 + 4/6?
15
Let i(m) = -m - 9. Let k(c) = 4*c + 37. Let a(r) = 9*i(r) + 2*k(r). What is the remainder when 3 is divided by a(-8)?
0
Suppose 0 = -7*x + 353 + 151. Let p = -24 - -49. What is the remainder when x is divided by p?
22
Let x = 28 - 18. What is the remainder when 17 is divided by x?
7
Let u = 3 + -7. Let s = 0 - u. Suppose s*v = 113 - 41. Calculate the remainder when 34 is divided by v.
16
Let z be 86/(-3) + 12/18. Let s = 50 + z. What is the remainder when 41 is divided by s?
19
Suppose 6 = o - 1. What is the remainder when 76 is divided by o?
6
Suppose -r + 22 = 13. What is the remainder when 25 is divided by r?
7
Suppose 15 = 4*s + 3. Suppose -l + 1 = 0, j + 11 = 4*j - l. Calculate the remainder when j is divided by s.
1
Suppose 0 = -0*r + 5*r - 285. Calculate the remainder when r is divided by (0 - 0) + 18 + -3.
12
Let h be (-1)/(-2 + (-134)/(-68)). Calculate the remainder when -1 + (-1 - 0) + h is divided by (-1)/1*1*-11.
10
Suppose 4*x = 5*x - 36. Calculate the remainder when x is divided by 10.
6
Let f be 154/5 - (-7)/35. Let d be f + 3/(-9)*-3. Let l = d + -7. Calculate the remainder when l is divided by 13.
12
Let u(r) = -2*r**2 - 5*r - 2. Let h(n) = 2*n**2 + 4*n + 1. Let d(t) = -3*h(t) - 4*u(t). What is the remainder when -2*(-15 - 3/(-3)) is divided